.
3, 7
Suppose 5*o + 4*m = 67, 0 = o + 4*m - 6 - 1. Let q be -1 - o/(-4 - 1). Suppose -3*g + h + 135 = -109, q*g - 164 = 2*h. List the prime factors of g.
3
Let y = 54 + -39. Suppose -5*b = -y*b. Suppose 5*q + f - 219 = 0, b*f - 2*f = q - 42. List the prime factors of q.
2, 11
Suppose -46*t = -44*t - 592. Suppose 0 = w + t - 1200. List the prime factors of w.
2, 113
Let x(r) = 100*r + 1414. List the prime factors of x(110).
2, 3, 2069
Let j(l) = 16 - 15*l + 137 + 11*l + 2*l**2. List the prime factors of j(0).
3, 17
Let u(o) = 7*o**2 - 4*o - 6. Let l be u(5). Suppose -4*n + 1056 = -4*b, n = -3*b + l + 135. What are the prime factors of n?
269
Suppose 0 = 5*x + 2*p - 11, x + 3*p = -x. Suppose 3*u + s - 2134 = 0, x*u + 30*s - 32*s - 2122 = 0. List the prime factors of u.
2, 5, 71
Let r(w) be the first derivative of -14*w**2 + 154*w + 124. What are the prime factors of r(-17)?
2, 3, 5, 7
List the prime factors of (48494 + 162/(-9))*1.
2, 12119
Suppose p - 5*y = -2*p + 17, -4*p + 5*y + 31 = 0. Suppose 3*t - p = -4*d, -2*d + 10 = 2*d + 5*t. List the prime factors of ((-15)/9)/((10/(-252))/d).
2, 3, 5, 7
Let l = 126 + -125. Let m be (l - (-3)/12)/(1/28). What are the prime factors of 6279/m + (-4)/10?
179
Let w(o) = -2*o**3 - 8*o**2 - 7*o - 9. Let t = 78 + -84. Let u be w(t). Suppose b + i = u, 35 = 4*b - i - 698. List the prime factors of b.
2, 7, 13
Suppose 0 = -2*g + 3*c + 1 + 23, 5*g + 3*c - 60 = 0. Let a be g/(-21) - 320/28. List the prime factors of a/66 + 1157/11.
3, 5, 7
Let k = -5647 + 20838. What are the prime factors of k?
11, 1381
Suppose 3 = -3*t + 9. List the prime factors of (3 + -3)/t + 226.
2, 113
Let s = 32 - 21. Suppose s = 3*p + 6*r - 2*r, 0 = 5*p + r - 24. Suppose 0 = -3*g - 4*b + 61, -53 = -p*g - 2*b + 44. What are the prime factors of g?
19
Let q = -118 - 126. What are the prime factors of (833/(-3)*-1)/(q/(-732))?
7, 17
Suppose t + 20 = 2*t. Suppose o - 42 = 5*z, -9*z + 4*z = -4*o + 93. Suppose t + o = q. What are the prime factors of q?
37
Let a(o) = -17 - 3*o - 31 + 87. Suppose -73 = 4*j + 3*p, 4*j + 0*p = p - 61. What are the prime factors of a(j)?
3, 29
Let q be (-6)/9 + (-2710)/(-6). Let x = -164 + q. List the prime factors of x.
7, 41
Let m(o) = -1285*o + 4661. What are the prime factors of m(-17)?
2, 29, 457
Let y = -4098 - -7340. List the prime factors of y.
2, 1621
Let j(k) = -k**2 + 4*k - 15. Let h(n) = -2*n**2 - 28*n - 17. Let g be h(-13). Let c be j(g). Let y = -42 - c. List the prime factors of y.
2, 3
Let a(d) = 37*d**3 + 3*d**2 - d - 1. Let i = 41 - 20. Let f = i + -20. What are the prime factors of a(f)?
2, 19
Suppose -2*d = 120 - 326. Let x = -4400 + 4389. Let j = d - x. List the prime factors of j.
2, 3, 19
Suppose 81620 = 22*j - 76032. List the prime factors of j.
2, 3583
Let b(l) be the second derivative of -9*l**2 - 1/20*l**5 + 0 + 13/6*l**3 + 11/12*l**4 + 29*l. What are the prime factors of b(11)?
5
Let o(h) = -h**3 + 16*h**2 + 18*h - 6. Let c be o(17). List the prime factors of ((-4)/(-5))/(c/1870).
2, 17
Let l(x) = 46*x + 1060. What are the prime factors of l(9)?
2, 11, 67
What are the prime factors of 3 + -7 - -15674 - (13 - 25)?
2, 7841
What are the prime factors of 8/((-20073)/36861 - 204/(-374))?
2, 1117
Let t = 37833 + -18490. List the prime factors of t.
23, 29
Let p(u) = -407*u - 1636. List the prime factors of p(-18).
2, 5, 569
Let x(z) = -z**2 + 16*z + 2. Suppose -5*p + 5*k + 1 = -34, 4*k + 4 = p. What are the prime factors of x(p)?
2, 3, 11
Suppose 86*v + 2 = 87*v - 2*p, 0 = 2*v + 5*p - 31. Let k(o) = o + 5. Let z be k(4). Suppose v*y - z*y = -142. What are the prime factors of y?
2, 71
Let n = 2192 + 3900. What are the prime factors of n?
2, 1523
Let l(y) = 2*y**2 - 11*y + 27. Let d be l(2). Let v(s) = -s**3 + 13*s**2 + 11*s - 9. List the prime factors of v(d).
2, 67
Suppose 9*r + 2735 = -86509. List the prime factors of (-10)/(-25) + r/(-10).
2, 31
Let r = 856 - -599. What are the prime factors of r?
3, 5, 97
Suppose 4*x + 0*a = -3*a - 3621, -2*x - 1810 = 2*a. Let k be x/(-27) - (-4)/9. Suppose w - k = -i - i, w = 4*i + 34. List the prime factors of w.
2, 17
What are the prime factors of 204949/6 + (-21)/(-36)*(-20)/70?
2, 3, 5693
Suppose -o + 444 + 1834 = 0. List the prime factors of (o/51)/(2/57).
19, 67
Let q(l) = 18*l**3 - l**2 - 2*l + 3. Let c be q(2). Let j = -1990 + 1922. Let g = c + j. List the prime factors of g.
71
Let y be (4/(-12))/((-8)/(-10344)). List the prime factors of 0 - y - (-4 + 0).
3, 5, 29
Let i be 14/(3/(-2)*36/(-189)). Suppose -2*r + 3*b = 2*b + i, -3*b = 2*r + 69. Let s = -7 - r. What are the prime factors of s?
2, 5
Let t = 187 + -339. Let f = -312 - t. Let c = -88 - f. List the prime factors of c.
2, 3
Suppose 31823*u - 1659496 = 31794*u. List the prime factors of u.
2, 23, 311
Suppose 0 = 3*q - 5*b - 1514, 467 + 544 = 2*q - 5*b. Suppose 4*c = 3*n - 321, -5*n - 5*c + c = -q. List the prime factors of n.
103
Suppose 0 = 71*u - 125*u + 386640. What are the prime factors of u?
2, 5, 179
Let r = -167 - -222. Suppose 4*b - r = 1909. What are the prime factors of b?
491
Let v = -7415 + 5048. Let a = -1526 - v. List the prime factors of a.
29
List the prime factors of (-8 + 2 + 1230/20)/(3/1888).
2, 37, 59
Let t(b) = -452*b + 9401. What are the prime factors of t(8)?
5, 13, 89
Let n = -7234 + 33020. List the prime factors of n.
2, 12893
Let z(b) be the first derivative of -b**4/4 - b**2 + 4*b + 42. Let o be z(6). List the prime factors of (-530)/(-4)*o/(-140).
2, 53
Let f = 12642 - 5930. What are the prime factors of f?
2, 839
Suppose -356*a + 358*a + 19672 = 3*t, 2*t + 4*a - 13104 = 0. What are the prime factors of t?
2, 11, 149
Let l(i) = 14*i**3 - 3*i**2 + 2*i - 17. Let c be l(4). Suppose 2*d - c = -4*b + 361, -10 = 5*d. What are the prime factors of b?
7, 43
Suppose 5*w - 588 + 4147 = z, -4*w + 17737 = 5*z. List the prime factors of z.
3, 7, 13
Let s(h) = 12*h**2 + 8*h + 7. Let k be s(-5). Suppose 2*a - k - 2041 = 0. What are the prime factors of a?
2, 577
Let z(h) = 37*h**2 - 11*h + 46. Let u be 117/52*8/6. List the prime factors of z(u).
2, 173
List the prime factors of 5 + (-205312)/(-192)*(-114)/(-8).
3, 5081
Suppose 48*g - 724457 = -5*g. What are the prime factors of g?
13669
Let r(j) = j**3 + 23*j**2 - 23*j + 32. Let x be r(-24). Suppose x*t = -t + 99. List the prime factors of t.
11
Suppose 4*l - 4*s - 13 = 3*l, -12 = 3*s. Let v be -23 + l/6*-4. What are the prime factors of ((-12)/7)/(2/v)?
2, 3
List the prime factors of 28/(((-2)/(-7567))/(9/63)).
2, 7, 23, 47
Let z(b) = 19*b + 40. Let i be z(-2). Suppose -2*p - i*o = 2*p - 150, 100 = 2*p - 4*o. What are the prime factors of p?
2, 5
Let r = 88 - 78. Suppose -171 = 8*p - r*p + 3*v, 3*p + 4*v - 231 = 0. Suppose 2*x = p + 15. What are the prime factors of x?
2, 3
Let d = -6281 + 21410. List the prime factors of d.
3, 41
Suppose -c - 1 = -0*c + y, -3*y - 7 = 2*c. Suppose 2*r - c*d - 62 = 0, 2*d + 85 = -2*r + 5*r. List the prime factors of (1908/r)/((-2)/(-3)).
2, 53
Let g be (-4)/14 - ((-3051)/(-7))/(-3). Suppose 3715 = 10*k - g. List the prime factors of k.
2, 193
Let r(m) = 6*m**2 + 3*m - 7. Let v be r(3). What are the prime factors of (0 - 5) + -5 + v?
2, 23
What are the prime factors of 15561/(-9)*(0 + -1)?
7, 13, 19
Suppose 59 = 8*f + 3. What are the prime factors of ((-1276)/8 - f)/(1/(-2))?
3, 37
Suppose -5*w + 4*d = -72, 3*w - 3 = -2*d + 27. Suppose 2*y + u + w = 0, -y - u - u = 6. List the prime factors of (y/(-15))/(3/135).
2, 3
Let c = -1919 - -17440. Suppose -13*h = -24*h + c. List the prime factors of h.
17, 83
Let z = -39 + 40. Let m be (z - 24/1) + 18/9. What are the prime factors of (-2674)/m - (-2)/3?
2
Let f(g) = 44*g - 151. Let w = 363 + -341. What are the prime factors of f(w)?
19, 43
Let c be 270/20 - (1 - (-2)/(-4)). Suppose 0 = -c*w - 462 + 3413. List the prime factors of w.
227
Let u = 86 + -56. Suppose 28*m - 9 = -3*i + 30*m, -i + 2*m = 5. Suppose 0 = -i*q + 117 + u. What are the prime factors of q?
3, 7
Let u = -7530 - -8142. List the prime factors of u.
2, 3, 17
Let o = 14 - -19. Let f = 32 - o. List the prime factors of ((-10)/(-40))/(-2*f/472).
59
Let a(n) = 2*n + 31. Let j be a(5). Let g = j + 319. List the prime factors of g.
2, 3, 5
Suppose -5*l = -10*l. Suppose -2*q + 3*j - 